?
2, 3, 5
Suppose 2 = -3*k + 14. What are the prime factors of k?
2
Suppose m + 2*m + 30 = 0. Let z = 6 + m. List the prime factors of (-513)/(-39) - z/(-26).
13
Suppose -26 - 30 = -4*u. Suppose u = w + 4*i, -5*w + w - 3*i = -17. Suppose -z = w*z - 15. List the prime factors of z.
5
Suppose -2*k + 3*j - 2 = -k, -3*j + 16 = k. List the prime factors of k.
7
Let b be (-18)/99 - 57/(-11). Let t(x) = x**2 + 2*x. Let r be t(2). Let c = r - b. List the prime factors of c.
3
Let j = -8 - -22. Suppose -y = w - j, 3*w - 11 - 45 = -4*y. What are the prime factors of y?
2, 7
Suppose -2*n = 3*w - 5 - 5, -2*w = 3*n - 15. Suppose 4*g - 20 + 0 = w. What are the prime factors of g?
5
Let g(f) = -f**3 + 4*f**2 + 4*f + 2. Let a be g(5). What are the prime factors of (2/a)/((-6)/45)?
5
Suppose -3*v = 2*s - 218, 4*s - v - 468 = v. What are the prime factors of s?
5, 23
Let k(t) = -5*t**2. Let x be k(-1). Suppose 3*i + 28 = 5*i. Let l = i + x. List the prime factors of l.
3
Let d(l) = 4*l**3 + 17*l**2 + 14*l - 5. Let u(c) = 3*c**3 + 11*c**2 + 9*c - 3. Let j(v) = -5*d(v) + 7*u(v). What are the prime factors of j(9)?
2, 11
Suppose 9 = -4*g + 7*g. Let x = -31 - -112. Suppose 5*p + g*z - 103 = 0, -4*p + x = z - 0*z. List the prime factors of p.
2, 5
Let i(v) = -v**3 + 9*v**2 - 8*v + 7. What are the prime factors of i(8)?
7
Let a(m) = -215*m**3 - m**2 - m + 1. Let x be a(1). What are the prime factors of x/(-22) + 4/22?
2, 5
Suppose 2*f + f + 18 = 0. What are the prime factors of (f/(-5))/((-2)/(-45))?
3
Let t(h) = -2*h - 4*h**2 + 3*h**2 - h**3 + 1 + 0*h. What are the prime factors of t(-2)?
3
List the prime factors of (-349)/(-13) - 4/(-26).
3
Suppose -6*o = -5*o + 1. What are the prime factors of 0 + o - (12 - 20)?
7
Let s(v) = 2*v + 3. Let h be s(-4). Let l = 10 + h. List the prime factors of l.
5
Let i be 4/1 + -1 + 1. Suppose 33 = i*w - 35. What are the prime factors of w?
17
Let x(y) = -y**3 + 2*y**2 + 2*y. What are the prime factors of x(-2)?
2, 3
Let p = -47 - -45. Let h(f) be the third derivative of -f**4/4 - f**3/6 - f**2. What are the prime factors of h(p)?
11
Let i(t) = 2*t**2 - t + 2. List the prime factors of i(2).
2
Let j = 16 + -11. Suppose -t + j = -28. List the prime factors of t.
3, 11
Let j be 6/(-10) + 10/(-25). What are the prime factors of 2 + 12 + j - -2?
3, 5
Let v be (-455)/(-49) + 2/(-7). Suppose -4*y = -2*o - v*y + 31, -4*o = -5*y + 13. Suppose 33 = o*l - 6. List the prime factors of l.
13
Let i = -5 - -7. Let y(d) = 5 - i*d + d - 9. What are the prime factors of y(-9)?
5
Let p(l) = 115*l + 10. What are the prime factors of p(2)?
2, 3, 5
Suppose -316 = -7*w + 202. List the prime factors of w.
2, 37
List the prime factors of (-3)/(12/20) - -156.
151
Let j(x) = x + 2. Let l be j(-2). Suppose 3*w + 2*b + 0*b - 22 = l, 19 = w + 3*b. What are the prime factors of w?
2
Let k = 6 + -4. Suppose -k*o + 2*u - 7 = 3, -4*o + u = 11. What are the prime factors of (-18)/(0 - 4 - o)?
3
List the prime factors of (14/4)/((-10)/(-20)).
7
Suppose -2*s = -3*s + 1, -2*s = -4*y + 266. What are the prime factors of y?
67
Suppose -2*r + 9 - 5 = 0. Suppose -r*a + 5*k + 1 = -4, 0 = 2*a + 5*k - 55. What are the prime factors of a?
3, 5
Suppose -2*l + 16 = -2*t + 6, 2*l + 11 = -5*t. What are the prime factors of l?
2
Let s(j) = -2*j + 11. Let d be s(-9). Let a = 61 - d. Suppose -5*b + 38 = -a. List the prime factors of b.
2, 7
Let k(w) = -2*w**2 - 14*w - 6. Let p(u) = u**2 + 13*u + 5. Let r(f) = 2*k(f) + 3*p(f). Suppose 7*x - 8*x + 10 = 0. List the prime factors of r(x).
13
What are the prime factors of 45*(21/9 + 3)?
2, 3, 5
Let x = 5 - -3. Suppose 5*i = -5*u + 3*i + x, 3*i = -2*u + 1. What are the prime factors of u?
2
Let j be 10 - (3 + 1 + -2). Let h = -3 + j. What are the prime factors of h?
5
Let h = 6 - 6. Suppose h = 4*f - 6 - 6. Let u(m) = m**2 - m - 3. List the prime factors of u(f).
3
Suppose z - 2 - 1 = 2*o, o + 15 = 5*z. Suppose -z*x = -6, 0 = u + x - 4. What are the prime factors of u?
2
Let s be 148/8 + 2/(-4). Suppose 2*f + 4 = 5*k + s, -k = 0. List the prime factors of f.
7
Let c(n) = -n**2 - 3*n + 4. Let o be c(-4). Suppose -4*b + v + v + 108 = o, -3*b + 2*v = -81. What are the prime factors of b?
3
Suppose 0*j + j + 2 = 0. Let z = j - -5. List the prime factors of z.
3
What are the prime factors of 1 + (1 - -44) + 1?
47
Suppose -3*l + 1 = r - 2*l, 5*l + 13 = 4*r. Suppose -4*n + r*n = -4. What are the prime factors of n?
2
Let g = -3 + 5. Let w be (g - 1)/((-3)/39). Let n = w - -20. What are the prime factors of n?
7
Suppose -544 = -4*k + 2*c, 0*c = 3*k - 2*c - 410. What are the prime factors of k?
2, 67
Suppose -9*a = 4*a - 2145. List the prime factors of a.
3, 5, 11
Suppose 3*n - 38 = 2*n - 5*j, -4*n = -2*j - 42. List the prime factors of n.
13
Let l(z) = 9*z + 7*z**2 + 4 + 15*z**3 - 14*z**3 + 3*z**2. Suppose -o - 2*m - 12 = -5, -32 = 4*o + 4*m. List the prime factors of l(o).
2
Let l be (2 + 2)*6/(-4). Let z(b) = -b**3 - 7*b**2 - 6*b + 8. What are the prime factors of z(l)?
2
Let f(p) = p**2 - 5*p - 10. Let m be f(7). Suppose g + 6 + 20 = m*j, -2*g + 2 = j. What are the prime factors of j?
2, 3
List the prime factors of (-22)/5*(-180)/18.
2, 11
Suppose -2 = -2*l + 2. Let m(n) = 6*n**2 - n. Let a be m(1). Suppose -l*s + 16 - 2 = 2*b, -a*s + 5 = 0. What are the prime factors of b?
2, 3
What are the prime factors of 4/(-6) - (-520)/6?
2, 43
Let s(u) = -u**3 + 5*u**2 - 4*u + 2. Let l be s(4). Let z be 0 - ((-2)/2 + l). What are the prime factors of 2/z + 6 - 1?
3
Let i = -24 - -15. List the prime factors of 13/3*(i - -15).
2, 13
Let s(q) = -q**2 - 5*q - 1. Let j be s(-4). Suppose -b - 2*f + 21 = 2*f, -2*b + j*f = -9. What are the prime factors of b?
3
Suppose -2*f + r + 40 = 165, -f = -3*r + 70. Let q = f - -114. What are the prime factors of q?
53
Let r = 15 + -29. Let j be (-4)/r - 57/(-21). Suppose -4*g + 50 = -h, 0*g - 3*g + 42 = -j*h. List the prime factors of g.
2, 3
Let u be 2/11 + 279/99. Suppose -3*s + 4*s - 2*i = -u, s + 5*i - 18 = 0. What are the prime factors of s?
3
Suppose 50 = -17*y + 19*y. List the prime factors of y.
5
Let q be 9/(-6)*26/(-3). Let p = -5 - -11. List the prime factors of (-7 + q)*2/p.
2
Let p = -9 + 5. Let n = p - -7. Suppose -24 = -3*y + n*c, 0 = y - 3*y - 2*c + 16. List the prime factors of y.
2
Let b = -15 + 11. What are the prime factors of 3/(-6)*13*b?
2, 13
Let c(d) = d**2 - 1. Let x(y) = -3*y**2 - 10*y + 10. Let a(l) = -2*c(l) - x(l). What are the prime factors of a(-11)?
3
Let h = 110 - 60. List the prime factors of h.
2, 5
Let v = -6 - -3. What are the prime factors of (-2)/v*(-9)/(-2)?
3
Let k be 2*(0 - 1) + 7. Suppose k*u = -5*p + 120, 47 = 4*u - 2*u + 3*p. What are the prime factors of u?
5
Let w(x) = 5*x - 3. Let j be w(2). Let l = j + 19. List the prime factors of l.
2, 13
Suppose 5*h - 2*v = 12, 0 = -2*h + h - v + 1. Let n = h - 0. List the prime factors of n.
2
Suppose 0 = 4*r - 10 - 18. What are the prime factors of r?
7
Suppose 5*d - 43 = -3*m, d - 10 = -m + 1. Suppose -f - 2*g + 9 = 0, -g - m = 3*f - 4*f. List the prime factors of f.
7
Suppose 0 = -4*v - 8, -10 = -3*a - v - 3*v. Suppose -a = -3*l, 5*m - 62 = m - 5*l. List the prime factors of m.
13
Suppose 2*k + 2*k - 2*y - 760 = 0, 770 = 4*k + 3*y. List the prime factors of k.
191
Suppose 6 = -n - 0. Let y = 15 + n. What are the prime factors of y?
3
Let b(u) = 2*u**2 - 7*u + 9. List the prime factors of b(9).
2, 3
Suppose -39*x + 600 = -33*x. What are the prime factors of x?
2, 5
Suppose -81*j + 85*j - 168 = 0. List the prime factors of j.
2, 3, 7
Suppose 2*x - 7*x = -1360. List the prime factors of x.
2, 17
Let y be (-3)/(-5) + 18/(-30). Suppose -28 = -2*w - y. List the prime factors of w.
2, 7
Let c be 1 + 0 - (-27 - 1). Suppose -3*j - c = -4*j. Let i = -14 + j. What are the prime factors of i?
3, 5
Let z(t) = 3*t**2 + 9*t - 21. What are the prime factors of z(6)?
3, 47
Suppose -6*l = -0*l - 354. List the prime factors of l.
59
Suppose 0 = -2*c + 5*c - 4*i - 23, c = 5*i + 26. Let t = 4 + c. List the prime factors of t.
5
Suppose t - 2*t + 33 = 0. List the prime factors of t.
3, 11
Let a(f) = 4*f**2 + 3*f + 4. Let r be a(3). Let z = 81 - r. Let k = z + -20. What are the prime factors of k?
2, 3
Let b(a) = a**2 - 3*a - 4. Let o be b(4). Suppose